of h?
5
Let j(k) = -7*k + 11. Let w be j(9). What are the prime factors of (1 + (-6 - -4))*w?
2, 13
Suppose 0 = -i + 3*i - 66. What are the prime factors of i?
3, 11
Let d(k) = -k**2 + 9*k - 17. Let z be d(12). Let x = 84 + z. Suppose -4*t + x = -1. List the prime factors of t.
2
Let d be (-4 + 4)*2/4. Suppose 6*k - k - 45 = d. List the prime factors of k.
3
Let c(x) = -x + 10. Let q be c(7). Suppose -4 - 7 = -k + s, q*k + 5*s - 73 = 0. List the prime factors of k.
2
Let u(c) = c**3 - c**2 - 3*c - 2. Let j(w) = w**3 + 2*w**2 - w - 1. Let o be j(-3). Let i = o + 10. What are the prime factors of u(i)?
7
Let r be 4 + -2 + 1 - 0. Suppose -r*l - 9 = -z, -2*z + 0*z + 5*l = -17. List the prime factors of z.
2, 3
Let v = 23 + -10. Suppose -l - 5*s + v = 0, 5 = 3*l - s - s. List the prime factors of l.
3
Let z = 304 - 212. What are the prime factors of z?
2, 23
Let y(n) = -2*n - 4. Let f be 30/(-8) + (-3)/12. Let p(x) = x - 1. Let q be p(f). List the prime factors of y(q).
2, 3
Suppose o - 5 - 35 = 0. Suppose 0 = 5*p - o - 0. List the prime factors of p.
2
Let z = 5 - 2. Let o = z + -1. List the prime factors of o.
2
Suppose 0 = -3*w + 5*w - 128. What are the prime factors of w?
2
Let n(a) = a**3 + 8*a**2 - 10*a - 9. Let w be n(-9). Suppose w*u = 5*u + 10. Let t(g) = -3*g**3 - 3*g**2 - 2*g - 3. List the prime factors of t(u).
13
Let x be 4/12 + 33/9. Let k = x + -2. List the prime factors of (1/k)/(7/112).
2
Suppose -2*d + 225 = -3*k - 2*k, 4*d + 3*k - 515 = 0. What are the prime factors of d?
5
Suppose 4*n - 2*w = 28 - 4, 3*n - 32 = 5*w. Suppose -n*m + 35 + 37 = 0. What are the prime factors of m?
2, 3
Suppose -4*a - 106 + 502 = 0. What are the prime factors of a?
3, 11
Suppose -2*d = 3*a - 167, 3*d + 156 - 62 = 2*a. List the prime factors of a.
53
What are the prime factors of 452/10 + (-2)/10?
3, 5
Let k(p) be the third derivative of p**5/10 - p**3/6 + 3*p**2. Let r(b) = b + 2. Let j be r(-3). What are the prime factors of k(j)?
5
Let h = -4 + 6. Let y be 69/9 + 2/(-3). What are the prime factors of (-117)/(-7) + h/y?
17
Suppose 0 = 5*t - 6*d + 3*d - 204, -5*t + 5*d = -200. List the prime factors of t.
2, 3, 7
Let u(f) = 4*f - 14. List the prime factors of u(9).
2, 11
Let p = 653 + -453. Suppose 20 = -5*q + p. List the prime factors of q.
2, 3
Let c(a) = a**3 + a**2 - 3*a - 2. Let r be c(-2). Suppose 6 + r = 3*y. List the prime factors of (-1 - -5)/y - 0.
2
What are the prime factors of ((-2)/3)/(-3 + (-56)/(-21))?
2
Suppose -2*h = 2*q - 0*h - 122, 4*q - 253 = 5*h. What are the prime factors of q?
2, 31
Let m(w) = -w + 4. Let a(f) = 3. Let y(z) = -4*a(z) + 3*m(z). Let q be y(-3). Suppose s + 1 - q = 0. What are the prime factors of s?
2
Suppose m = 23 + 13. Suppose 4*j = -0*j + m. List the prime factors of j.
3
Let z be ((-6)/(-2))/(9/(-30)). Let k be 3/(-2) - (-95)/z. Let f = k - -18. List the prime factors of f.
7
Suppose 2*p + 44 = 6*p. What are the prime factors of p?
11
Let f(j) = -153*j**3 - 2*j**2 + j + 2. List the prime factors of f(-1).
2, 19
Let o = -173 - -283. List the prime factors of o.
2, 5, 11
Let w(c) = 2 - 4*c + 9 + 2 + 3*c. List the prime factors of w(11).
2
Suppose -792 = -3*v - x - 84, -2*v + 455 = -5*x. List the prime factors of v.
5, 47
Let d = -240 + 442. List the prime factors of d.
2, 101
Let w(y) be the second derivative of y**5/20 + y**4 + 5*y**3/3 - 3*y**2/2 - 4*y. List the prime factors of w(-11).
2
Suppose 3*r - b = -50 + 284, -4*b = -2*r + 146. List the prime factors of r.
79
Suppose -4*p - 5 = 3*a - 6, 2*a = 3*p + 12. Suppose a*v + 0*v = 63. Suppose 3*j - 6 = v. What are the prime factors of j?
3
Let b = 23 - 7. Let g = b + -9. List the prime factors of g.
7
Let d = 62 + -97. Suppose -3*u - 91 + 16 = 0. Let s = u - d. What are the prime factors of s?
2, 5
Let s = 19 + 3. Let o be 5 - 7 - (-1 + s). Let g = o - -37. What are the prime factors of g?
2, 7
Suppose d = 9 + 7. Suppose 0 = -2*n + 6*n + d. Let p = -1 - n. List the prime factors of p.
3
Suppose -3*n + 76 = q, 2*q - 80 = -3*n - 0*q. Suppose -l + n = l. List the prime factors of l.
2, 3
Let q(n) = 2*n**2 - 11*n + 67. What are the prime factors of q(10)?
157
Let j be 9/2*(-24)/(-36). What are the prime factors of j + ((-2)/1 - -5)?
2, 3
Let y(g) = 5*g - 22. List the prime factors of y(12).
2, 19
Let r be ((-36)/(-27))/((-8)/(-6)). Suppose 0 = k + r - 38. What are the prime factors of k?
37
Suppose -5*y = 5*m + 145, 4*y - 11 - 13 = m. Let c = m + 42. List the prime factors of c.
2, 7
Let o(b) = 6*b + 4. Let y = 1 - 5. Let k be o(y). Let s = k - -28. What are the prime factors of s?
2
Suppose -4*u - 431 = -5*j - 113, -5*j = 5*u - 300. What are the prime factors of j?
2, 31
What are the prime factors of (-12 - 5)*(-3 - 0)?
3, 17
Suppose h + 0*b = 3*b + 8, 2*b + 10 = -4*h. Let g be (-2)/(h + 0) - 0. List the prime factors of -3 + 10 - 2/g.
2, 3
Let n = 16 + -24. What are the prime factors of 3/1*(6 - n)?
2, 3, 7
Let k(m) = m**3 + 11*m**2 - m + 13. Let v be k(-11). Suppose -3*g + v = -g. Suppose 0 = f - 3*u - 14, g = -3*f + 6*f + u. List the prime factors of f.
5
Suppose 4*d - 4*s = 7 + 5, 4 = -2*d - 3*s. Let m = 16 - d. What are the prime factors of m?
3, 5
List the prime factors of 2/(-3)*(12804/8)/(-11).
97
Let b(z) = -z**3 + 7*z**2 - 4*z - 5. Suppose f - 2*s - 9 = 3, 2*s + 18 = 2*f. Let t be b(f). Let j(w) = w**3 - 6*w**2 - 6*w. What are the prime factors of j(t)?
7
Let v = 5 + -1. Suppose -2*x = v*h - 5*x - 19, -4*h = -4*x - 16. List the prime factors of h.
7
Let m = -10 + 14. Suppose 4*s - m = 0, -a + 6 = 2*s - s. Suppose 0 = -a*z + 4*z + 8. What are the prime factors of z?
2
Suppose 5*j - 244 = -104. What are the prime factors of j?
2, 7
Suppose 4*r + q = 1, 4*q + q - 5 = -r. Let m = 2 - r. Suppose 0 = -a - 3*j, -64 = -m*a - 3*a + j. List the prime factors of a.
2, 3
Suppose 252 = -20*g + 23*g. What are the prime factors of g?
2, 3, 7
Suppose 8*c - 3*c = 0. Suppose 3*h = -4*k + 227, c*k - k + 33 = -4*h. Suppose 3*i - 16 = -4*z, 5*i + k = 5*z - 2. List the prime factors of z.
7
Suppose 227 = 15*o - 14*o. What are the prime factors of o?
227
Suppose -j + 5 + 17 = -5*k, -5*j + k + 14 = 0. Let r be ((-1)/j)/((-5)/(-40)). List the prime factors of ((-6)/r)/(1/6).
3
Suppose -17*x = -21*x + 28. List the prime factors of x.
7
What are the prime factors of 478/5 - (-15)/(-25)?
5, 19
Let g(p) be the first derivative of -p**2/2 - p - 2. Suppose 0*u - u = 10. What are the prime factors of g(u)?
3
Let h be (-2)/9 - 313/9. Let m = -24 - h. What are the prime factors of m?
11
Let o be 16*(3/(-2) - -2). Let q(d) = d - 4. Let c be q(o). Suppose c*z - 44 = -0. List the prime factors of z.
11
Let z(f) = 6*f**2 + 9. List the prime factors of z(-3).
3, 7
Let o = 1 - 2. Let m(t) = -10*t - 1. What are the prime factors of m(o)?
3
Suppose 0 = 2*i + d + 2*d - 92, -i - 4*d = -56. List the prime factors of i.
2, 5
Suppose -2*b + 1 - 3 = -n, -n = b - 2. Suppose 3*l = -n*l + 45. List the prime factors of l.
3
Let y = -43 - -63. Suppose a = -a - 18. Let g = a + y. List the prime factors of g.
11
Suppose -3*z - 28 = -c + 15, 2*z - 130 = -5*c. What are the prime factors of c?
2, 7
Let t(g) = -g + 1. Let u(c) = -c**2 - 6*c + 8. Let n be u(-7). Let x be t(n). Suppose -5*a = -d + 4*d - 31, x = -4*d + a + 3. List the prime factors of d.
2
What are the prime factors of (-96)/(-40) + 2/(-5)?
2
Suppose -z - 1 = -4, 2*l = 4*z + 30. List the prime factors of l.
3, 7
Suppose 4*k + 3*v = 167, -5*k - 5*v + 2 + 203 = 0. Suppose 0 = n - 3*t - k, -t - 19 = -2*n + 74. What are the prime factors of n?
47
Suppose 4 = -5*w - 2*v - 8, 5*w = -4*v - 14. Suppose 7 = 5*s - 3. Let f = s - w. What are the prime factors of f?
2
Suppose 7*r = 4*o + 3*r + 4, -41 = -4*o - 5*r. Let a(k) = k**3 - 2*k**2 - 3*k + 3. What are the prime factors of a(o)?
23
Let j be (-2)/(-6) + (-47)/(-3). Suppose 4*s = 4*d + j, 2*d - s - 2 = 3*d. Let p = d + 6. List the prime factors of p.
3
Let x(y) be the second derivative of -7*y**5/10 + y**4/6 + y**3/6 - 9*y. What are the prime factors of x(-1)?
3, 5
Let u(n) = 5*n**2 + 0*n + 2*n**3 - n - 7*n - 1 - n**3. What are the prime factors of u(-6)?
11
Let g be 4/14 + (-19)/(-7). Suppose g*j - 3 = 2*j. Suppose -3*p + j*a = 2*a - 20, -p - 3*a = 10. List the prime factors of p.
5
Let r(u) = u**2